e -7 = 5*w + 2*d + 31, 20 = -5*d. Let v(g) = -g - 17. Let u be v(w). Let x = u - -26. List the prime factors of x.
3, 5
Let z be 10/8 + 6/8. Suppose z*c + 2 = 3*c. Suppose -4*l + 46 = -2*x, -2*l + 32 = -c*x + 10. List the prime factors of l.
2, 3
Let x be -1 - (-128 - (4 - 1)). Suppose -s - x = -6*s. What are the prime factors of s?
2, 13
Suppose -3*o = 3*z - 2*z - 25, -3*o + 2*z = -22. Suppose n = o + 6. Suppose 0 = -f + 4, -57 = -3*s - 4*f - n. What are the prime factors of s?
3
Let t = 25 - 29. Let m(j) = -5*j + 1. Let w be m(t). Suppose -w = -5*h + 349. What are the prime factors of h?
2, 37
Let h(t) = 8*t - t**2 + t + 15 + 10*t + 0*t. List the prime factors of h(15).
3, 5
Let s = 3420 - 2142. What are the prime factors of s?
2, 3, 71
Let s be 0/(4/(-1)) + -9. Let n be 4 + s + 3 + 49. Let l = n + -24. What are the prime factors of l?
23
List the prime factors of (0 + -4)*7776/(-64).
2, 3
Suppose -40*t = -13*t - 54702. What are the prime factors of t?
2, 1013
Suppose 0 = -3*q - 3*y + 27, -4*y + 2*y - 8 = 0. Let p(a) = a**2 - 8*a + 7. List the prime factors of p(q).
2, 3
Let a = 44 + 18. What are the prime factors of -4 + (5 - 1) + a?
2, 31
Let i be 128 - (1 - 3 - -5). Let l(o) = 7*o**2 - 11*o + 7. Let m be l(4). Suppose -5*s = -i - m. List the prime factors of s.
2, 5
Let y(s) = s + 1. Let z be y(3). Let w(x) = x**3 - 4*x**2 + 2*x - 6. Let g be w(z). Suppose -4*v + 8 = -a, g*a - 4 = -2*v - 0. List the prime factors of v.
2
What are the prime factors of ((-8603)/(-112)*4)/(1/4)?
1229
Suppose 4*n - 192 = u - 940, 4*n - 1544 = -2*u. List the prime factors of u.
2, 191
Let j(k) = 0*k + 1 + k**2 + 2*k - 5*k**3 - k. Let r be j(-2). Suppose -33 - r = -4*b. List the prime factors of b.
19
Let g = 32 - 30. Suppose -g*w + 90 = 2*s - 0*s, -2*s + 84 = 4*w. What are the prime factors of s?
2, 3
Let r(t) = -6*t - 6*t**3 - 6*t**3 + 6*t + t**2. Suppose 6*m = 3*m - 3. What are the prime factors of r(m)?
13
Let b(f) = -3*f - 17. Let l be b(-15). Suppose -29*t = -l*t - 13. What are the prime factors of t?
13
Let t(p) = 27*p**2 - 147*p - 11. List the prime factors of t(7).
283
Suppose -3*i + 912 = 2*a + i, 4*a + 3*i - 1799 = 0. What are the prime factors of a?
2, 223
Suppose 3*b = -5*s - 138, 0*s - 3*b = 4*s + 108. Let t = s - -107. What are the prime factors of t?
7, 11
Let f = 0 + 2. Let g(i) = 2*i + 0*i + f + 0*i. What are the prime factors of g(6)?
2, 7
Let y(a) = a**3 + 10*a**2 + 11*a + 14. Let x be y(-9). List the prime factors of 382/x*-2 - -4*1.
3, 5, 13
Let j = 1053 + -673. What are the prime factors of j?
2, 5, 19
Let p(r) = -r**2 + 5*r - 4. Let q be p(3). Suppose 11*a = -11*a - 22. List the prime factors of 2*a/q*-12.
2, 3
Let k(g) be the first derivative of g**4/4 - 8*g**3/3 + 9*g**2/2 - 17*g - 7. Let q be k(7). What are the prime factors of 31*((-6)/q - 1)?
31
Let n(d) = d**3 + 5*d**2 + 4*d + 2. Let k be n(-4). Suppose 5*f - 7 = -k. What are the prime factors of (1 + 5)*f/2?
3
Let t be (-3)/6 - 549/(-6). Suppose 36 = -f + 3*u + 102, t = f + 2*u. Suppose -5*b - 5*i + f = -2*b, 0 = -i + 3. What are the prime factors of b?
2, 11
Suppose -2*z + 4 + 6 = 2*k, -2*z + 2*k - 10 = 0. Suppose -5*d - 3*c + 695 = z, 3*d - 7*c = -3*c + 388. What are the prime factors of d/6 + (-6)/9?
2, 11
Suppose v = 4*v - 3. Suppose c = 1 + v. Suppose 0 = 2*a - 2 - c. List the prime factors of a.
2
Suppose 0 = 4*s - 16, -4*r - 5*s = -9*r + 345. Suppose 3*b + 0*b = 120. Let n = r - b. List the prime factors of n.
3, 11
Let m be 174/(-3 + (4 - 2)). Let q = -85 - m. What are the prime factors of q?
89
Suppose 0 = -2*y, -3*s + 4*y = y - 2043. What are the prime factors of s?
3, 227
List the prime factors of (-1362)/(-4) - 102/(-68).
2, 3, 19
Suppose -5*l - 3*i + 639 = 0, -5 - 1 = -2*i. Let s = -54 + l. What are the prime factors of s?
2, 3
Let m(l) = l**2 - 8*l. Let n = 3 - -7. Let w be m(n). Suppose w*x - 15*x - 40 = 0. List the prime factors of x.
2
Let l(u) = u**2 - 8*u - 15. Let t(j) be the first derivative of 2*j**2 - 5*j - 5. Let z be t(4). List the prime factors of l(z).
2, 3
Let i(x) = 4*x - 1. Let m be (2/(-3))/((-5)/120). Let f = m - 12. What are the prime factors of i(f)?
3, 5
Let l(j) = j**3 - j**2 + 4*j + 63. Suppose 0*k = -3*k + 5*k. List the prime factors of l(k).
3, 7
Suppose -d - 5*f = -11, -7 = 2*f - 17. Let y = -15 - -42. Let h = y + d. List the prime factors of h.
13
Suppose -7*c + 514 + 473 = 0. List the prime factors of c.
3, 47
Let c(f) = f**3 + 10*f**2 + 5*f + 4. Let s be c(-7). Suppose 124 = 6*x - s. Suppose -3*v + x = 3*n - n, -n - 3*v + 20 = 0. List the prime factors of n.
2, 5
Suppose a - 31 = -3*l, 5*l - 3*a - 34 = 27. Suppose 4*f + j = -j + 30, -j = -5*f + 48. Let n = f + l. What are the prime factors of n?
2, 5
Let h = 254 - 179. Let j = 139 - h. List the prime factors of j.
2
Suppose 0 = -19*p + 4367 + 4145. What are the prime factors of p?
2, 7
Let g(b) = -981*b + 54. List the prime factors of g(-3).
3, 37
Let d = -40 - -44. List the prime factors of 49*d/16*4.
7
Suppose -2*n - 3*t + 4*t = -8, 2*n = 2*t + 8. Suppose n*m + 5*a = 59, -m - 4 + 23 = -3*a. List the prime factors of m.
2
Suppose 0 = -3*f + 3*v + 186, -3*f = -4*v - 89 - 93. Suppose 0 = 2*p - 5*p + 15. Suppose 2*s + f = p*s. List the prime factors of s.
2, 11
Let b be (-56)/(-12) - (-4)/(-6). Let k be ((-6)/10)/(b/(-40)). Suppose -2*c + 0*t = -4*t - k, 5*c - 15 = -5*t. List the prime factors of c.
3
Suppose 73*o = 83*o - 38110. List the prime factors of o.
37, 103
Suppose 2*m - 418 = -2*i, -m + 10*i = 5*i - 227. List the prime factors of m.
2, 53
List the prime factors of (-2)/(-4)*18/(-3)*-1470.
2, 3, 5, 7
Let h be (-9)/(-3*(-3)/(-126)). Let l = h + 60. What are the prime factors of l?
2, 3, 31
Let l be (-3 - -61)*(-10)/(-4). Let g = 258 - l. What are the prime factors of g?
113
Suppose -18 + 12 = -3*s. Suppose r - 75 = -s*r. What are the prime factors of r?
5
Suppose 5*p - 2*m - 727 = 0, -4*p + 577 = 2*m + m. Let s = -102 + p. Suppose -3*t - 4*w = -s, 0 = -3*t - t - 3*w + 62. What are the prime factors of t?
17
Let i(r) = r**3 - 10*r**2 + 11*r - 13. Let h be i(9). Suppose 0 = -h*n - 89 + 399. Suppose -l = 5*t - n, 0*l = 2*l + 5*t - 99. What are the prime factors of l?
37
Let k(y) = -9*y**3 - 2*y + 1. Let i be k(1). Suppose -17*l + 12*l = -65. Let g = l + i. List the prime factors of g.
3
What are the prime factors of (4 + 2827/(-22))*(-84)/9?
2, 7, 83
Let t be (-105)/7*18/(-10). Let f be t*((-4)/6 + 1). What are the prime factors of f/((-18)/(-20)) - 1?
3
Let q(y) = 4*y**2 + 3*y - 31. What are the prime factors of q(4)?
3, 5
Let q(l) = -7 + 0 + 23*l + 9*l. List the prime factors of q(2).
3, 19
Suppose 118146 = -13*n + 42*n. What are the prime factors of n?
2, 3, 7, 97
Suppose -22*z = -15*z - 17969. List the prime factors of z.
17, 151
Let i(y) = 3*y - 11. Let l be i(5). List the prime factors of 216 - (l/10 - (-154)/(-35)).
2, 5, 11
Let p be 0 - 8*9/3. Let t = 40 - p. What are the prime factors of t?
2
Suppose -2*h = -3*h - 16. Suppose 0 = 2*m - 2*g + 7*g + 115, 5*m = g - 274. Let o = h - m. List the prime factors of o.
3, 13
Suppose -575 = -k - 5*q, 5*k - 4*k = -3*q + 571. List the prime factors of k.
5, 113
Let t(r) = 11*r**2 - r + 1. Let b be t(1). Let y = 75 + b. List the prime factors of y.
2, 43
Let t(s) = -s**3 + 20*s**2 - 33*s - 21. Suppose 89 = 5*v + z, -4*v + 10 = -4*z - 66. List the prime factors of t(v).
3, 11
Let m(c) = -c**3 - 17*c**2 + 52*c + 41. What are the prime factors of m(-20)?
3, 67
Suppose -5*m = 18*z - 21*z + 1353, 1793 = 4*z - 3*m. List the prime factors of z.
2, 223
Let q be (-146)/(-30) - 24/(-180). Suppose -d = d + r - 145, -q*d + 2*r + 358 = 0. What are the prime factors of d?
2, 3
Suppose -731 = -5*f + 134. Let q = -530 + f. List the prime factors of 4/((-7)/(q/6)).
2, 17
Let u be (-1)/(-4) + (-55)/(-20). Suppose 9 = -2*t + 3*a, 0 = -3*t + 4*a - 5 - 7. Suppose t = 2*q - n - 127, -u*n = -4*q + 1 + 252. List the prime factors of q.
2
Suppose -1570 = -8*y + 1158. List the prime factors of y.
11, 31
Let l(i) = 14*i**2 - 2*i + 12. Suppose -16*q + 106 - 42 = 0. What are the prime factors of l(q)?
2, 3, 19
Let y(w) = -76*w - 127. List the prime factors of y(-2).
5
Let m = -11 + 16. Suppose -3*h - m*p + 296 = 0, -h + 5*p = 2*p - 80. What are the prime factors 